it of t?
4
Let h = 4880 + 350. What is the hundreds digit of h?
2
Let t = 13730 + 4747. What is the ten thousands digit of t?
1
Let k(y) = 2665*y**2 + 1170*y - 3504. What is the thousands digit of k(3)?
3
Let m(k) = 2*k**2 - 5*k + 1. Let r(x) = 2*x**2 - 6*x + 1. Let d(b) = -2*m(b) + 3*r(b). Let p be d(-6). Let l = p + 29. What is the hundreds digit of l?
1
Let n = 49 - -237. Suppose 10*s - 4126 = -n. What is the tens digit of s?
8
Let a = 11543 + -8083. Suppose 0 = 16*u - a - 2332. What is the tens digit of u?
6
Suppose 4*i - 4*v - 24306 - 11094 = 0, -4*i = -8*v - 35420. What is the tens digit of i?
4
Suppose 216786 - 998676 = -54*n + 24*n. What is the tens digit of n?
6
Let u(p) be the first derivative of p**3 - 23*p**2/2 - 128*p + 244. What is the hundreds digit of u(-13)?
6
Let v(u) = 52*u**2 - 18*u + 72. Let r be v(13). Suppose -r = -21*f + 2*f. What is the hundreds digit of f?
4
Suppose 0 = -8*s - 248 - 32. Let q = 122 + s. Let g = q - 23. What is the units digit of g?
4
Let u(f) = 38*f. Let k be u(2). Let s be (1 + 0)/(19/k). Suppose -8 = s*p, -2*d + p + 166 = -p. What is the tens digit of d?
8
Let p(z) = 24*z + 146. Let v be p(-12). Let s = 85 - v. What is the tens digit of s?
2
Suppose 265*i + 4*u = 263*i + 54414, -2*i = -4*u - 54446. What is the units digit of i?
5
Suppose 3*r = 6, -4*r + 3*r - 10 = -4*p. Suppose -2*u = 2*c + 6 - 0, 3*u - p = c. What is the tens digit of -1 - ((-6)/(-18) - (-145)/c)?
4
Let a = 511 - 330. Suppose 193 = u + 2*x, 3*u - a = 2*u - 5*x. What is the units digit of u?
1
Suppose 608 = 4*a - 2*a. Let y(v) = 3*v**2 - 3*v + 8. Let z be y(-5). Let g = a - z. What is the tens digit of g?
0
Let f = 7902 - 4353. What is the units digit of f?
9
Let w(q) = q + 7. Let y be w(-3). Suppose 2625 = y*i + 357. Suppose -4*g + 3*b + i = 0, 3*b - 12 = -g + 141. What is the units digit of g?
4
Let p(s) = s**3 + 4*s**2 - 3*s - 11. Let z be (-2)/(-7) + (-30)/7. Let r be p(z). Suppose -l + 3 + r = 0. What is the units digit of l?
4
Suppose -9*f - 31*f = -59280. Suppose -8*a + 3*z + f = -6*a, 0 = 4*a - 2*z - 2948. What is the hundreds digit of a?
7
Let p(f) = -210*f**3 - 5*f**2 - 63*f - 140. What is the thousands digit of p(-3)?
5
Suppose -48 - 112 = -8*a. Suppose -a*l = -23*l + 201. What is the units digit of l?
7
Suppose 195*t - 8952 - 1477 - 40271 = 0. What is the hundreds digit of t?
2
Let f(w) = -w**3 + 10*w**2 + 14*w + 20. Let s(y) = -2*y**2 - 2*y - 1. Let m(j) = f(j) - 4*s(j). What is the hundreds digit of m(16)?
8
What is the tens digit of ((-282)/329)/((-3)/13342) + 1?
1
Suppose 0 = 2*s + 8, -7*i + 8*i - 2*s - 28399 = 0. What is the ten thousands digit of i?
2
Let t(v) = 3274*v + 758. What is the thousands digit of t(4)?
3
Suppose 20192 = m + 4*o, -2*m - 6*o + 23929 = -16463. What is the units digit of m?
8
Let r(l) = 30*l + 13*l**2 + 45 + 15*l - 65*l. What is the units digit of r(6)?
3
Let r be 1/(-5)*-167 - 10/25. Suppose r = 8*o - 3695. What is the tens digit of o?
6
Let x(d) = 187*d**2 - 95*d - 1245. What is the ten thousands digit of x(-10)?
1
Let f(m) = 49*m**2 + 12 + 110*m**2 - 77*m**2 + 4*m. What is the hundreds digit of f(-2)?
3
Let h = -44 + 1903. What is the hundreds digit of h?
8
Let f be (-32)/(-24) + 1 + 1/(-3). Suppose 4*m = -3*i - 8, -2*i - i - m = f. Suppose 5*b + 0*b + 20 = 0, 2*k - 5*b - 458 = i. What is the hundreds digit of k?
2
Let s = -164 + 222. What is the tens digit of 1043 - (32/40 + s/(-10))?
4
Suppose 86*k - 182202 - 320984 = 0. What is the thousands digit of k?
5
Suppose -86*f + 3666395 + 550185 = 0. What is the tens digit of f?
3
Suppose -5 = l - 6*l, -4*q + 3*l = -12217. What is the thousands digit of q?
3
Suppose -25*u + 18*u = -595. Suppose -6*i + u + 3929 = 0. What is the units digit of i?
9
Let j(i) = -i**3 + 3*i**2 - i + 5. Let r = -92 + 95. Let o be j(r). Suppose g + 5*y - o*y - 55 = 0, -90 = -g + 4*y. What is the tens digit of g?
7
What is the hundreds digit of ((-4752)/576)/((-3)/344) - (-3 - -1)?
9
Suppose 26*s = 28*s - 544. Let w = 1015 - s. What is the units digit of w?
3
Let j be (2/(-3) + 18/27)*1. Let y(l) = l**2 + 7*l + 528. What is the hundreds digit of y(j)?
5
Suppose -19 = 3*r + 5*g, -5*r + 3*r - 1 = g. Suppose -332 = 5*t - 2*d, d + 25 = 4*t + 293. What is the tens digit of r + -5 - (t - 1)?
6
Let j = 52 - 48. Suppose -5*f + c + 35 = -j*c, -11 = -5*f - c. Suppose 5*r - f*i = 260, -3*r - 40 = -i - 200. What is the tens digit of r?
5
Suppose -2*s = t - 3027, -2*t + s = 198 - 6237. What is the thousands digit of t?
3
What is the hundreds digit of (-1836)/(-714) + (-436368)/(-21)?
7
Suppose 5*t - 43426 = 5*d - 501, -25790 = -3*t - 4*d. What is the units digit of 29/174 + t/12?
6
Let v = -12 - -6. Let f be 0 + -1 - v/((-12)/(-206)). Let o = f - 58. What is the units digit of o?
4
Let r be 6/(-14) + 4/(-7). Let x be r/((-1)/3) + (15 - 13). Suppose x*p + p = 348. What is the tens digit of p?
5
What is the ten thousands digit of 7/5 + (-4793 + 0)*(-1507)/685?
1
Let v(w) = -w**3 - 9*w**2 + 7*w + 14. Let h be v(-10). Suppose -3*f - 14*f = -13668. Suppose -41*j - f = -h*j. What is the tens digit of j?
6
What is the units digit of (-684726)/(-1734) - 2/(-17)?
5
Let s(x) = 34*x + 367. Let p be s(-10). Let h be 27 + -1 + 1 + 1. What is the tens digit of (p - h) + (-56)/(-2)?
2
Suppose -6*v - 9044 = 4318. Let d = -1201 - v. What is the thousands digit of d?
1
Suppose 10*m - 2*r - 508622 = 0, 188*r - 187*r = 3*m - 152589. What is the thousands digit of m?
0
Let p = 43983 + -28123. What is the tens digit of p?
6
Let a(p) = -3*p**3 - 2*p**2 + 8*p + 10. Let f be a(-5). Let w = f - -166. What is the hundreds digit of w?
4
Suppose -3 - 2 = s, -2*s - 7 = -3*f. Let z(x) be the second derivative of 5*x**4/3 + x**3/2 + x**2 + 14*x. What is the units digit of z(f)?
9
Suppose -4*d + 3940 = 2*m, d - 3*m = m + 976. Suppose -4*k = 3*n - d, n = 5*k + 353 - 6. What is the tens digit of n?
3
Suppose -m + 5*s - 5 = 1, -3*m - 44 = -2*s. Let k = 18 + m. Suppose -f = -g - 44, k*f - 3*g + 169 = 6*f. What is the tens digit of f?
4
What is the thousands digit of (-18)/261 - 8126280/(-232)?
5
Let c = -62 - -66. Suppose 0 = -h + c*h + 3. What is the tens digit of h*5 + (-1846)/(-26)?
6
What is the units digit of 712/534*(-1842)/(-8)*174?
8
Let v(i) = i**3 - 8*i**2 + 2*i - 12. Let s be v(8). Let g(k) be the third derivative of k**5/60 + k**4/24 - 3*k**3/2 + 5*k**2. What is the units digit of g(s)?
1
Let o(u) = -3*u**3 - 24*u**2 - 113*u + 50. What is the thousands digit of o(-16)?
8
Let x be -4 + 7/(14/1800). Suppose -74*k + 70*k = -x. What is the units digit of k?
4
Let u(y) = y**3 + 55*y**2 + 55*y + 434. What is the ten thousands digit of u(-49)?
1
Let q(b) = -b + 9. Suppose 2*j - 18 = -2*y, 0 = 3*j - y - 4 - 3. Let u be q(j). Suppose f + 585 = 3*r, u*r + 0*r = f + 973. What is the hundreds digit of r?
1
Suppose 201*w - 685692 = 138*w. What is the hundreds digit of w?
8
Let p(t) = 2540*t - 893. What is the tens digit of p(3)?
2
Let n be 5 - 8*(-4)/8. What is the units digit of 797 + -2 + -7 + n + -5?
2
Let r be 398/(-14) - (120/(-84) - -1). What is the thousands digit of -3 + r/(556/(-184) + 3)?
1
Let w(g) be the first derivative of -g**4/4 + 7*g**3/3 - 7*g**2/2 + 4*g - 13. Let l be w(6). What is the units digit of l - (-21)/((-3)/(-3))?
9
Suppose -66*r = -58*r - 152. Suppose r*b = 4737 + 2711. What is the hundreds digit of b?
3
Let h = 5922 - -1318. What is the hundreds digit of h?
2
Suppose 4*c - 35 = 5. Suppose -m + 43 = -g, -3*m + 0*m + 144 = 2*g. Suppose k - m - c = 0. What is the units digit of k?
6
What is the units digit of (8/6)/(76/281181*1)?
3
Let s(q) = -302*q - 30. Let r(t) = -t**2 - 27*t + 25. Let d be r(-28). What is the units digit of s(d)?
6
Let h(u) = u**2 - 11*u - 16. Suppose -3*c + 47 = 4*x, -x = 3*c - c - 28. Let i be h(c). What is the units digit of -4*(-27)/i*(0 - -5)?
4
Let u be ((-288)/(-42))/(-12)*(-21)/6. Let w(c) be the second derivative of 6*c**5/5 + 5*c**3/6 - 2*c. What is the hundreds digit of w(u)?
2
Let n(y) = -y**3 - y. Suppose g + 5*f + 8 = -g, -3*f = 0. Let r(h) = 6*h**3 + h**2 + 4*h. Let w(q) = g*n(q) - r(q). What is the tens digit of w(-3)?
4
Suppose 2*k + 2*j = 11506, 28757 = -563*k + 568*k + j. What is the units digit of k?
1
Let o(i) = i. Let u(d) = -d**2 + 4*d - 11. Let